uppose -4*b + 406 + 158 = 0. What is the hundreds digit of b?
1
Let r be 77/11 + -2*2. Suppose r*b + 120 = 5*y, -2*y - b = 2*b - 69. What is the tens digit of y?
2
Suppose -4*t + 0*t + 12 = 0. Suppose -12*p + 3270 = t*p. What is the hundreds digit of p?
2
What is the thousands digit of (428/8)/((-18)/(-612))?
1
Suppose 2*d - 5*a - 43 = 0, -2*d + a + 50 = 3*d. What is the tens digit of (11 - -1)/(6/d)?
1
Let g be (-1 - 14)*(-1)/3. Suppose -3*t = -g*m, -3*m + m + 16 = 2*t. What is the tens digit of (1 - (-36)/m) + 2?
1
Let z be (-20)/6*24/(-16). Suppose z*t + 49 = 4. Let o(p) = -p**3 - 9*p**2 - 2*p + 5. What is the units digit of o(t)?
3
Suppose 2*d = -4*v + 312, -3*d = -2*d + 3*v - 157. Let g = d + -91. Suppose 228 - g = 3*x. What is the tens digit of x?
5
Let z(r) be the second derivative of 8*r**3/3 - 11*r**2 - 2*r. What is the units digit of z(8)?
6
Suppose 2*b - 2*x = 924, -4*b - 10*x + 1848 = -9*x. What is the hundreds digit of b?
4
Suppose 3*r = 5*w + 1803, 514 - 1715 = -2*r + 3*w. What is the units digit of r?
6
Let s be -11 + 15 - (-40 - 1). Let h = -35 + s. What is the tens digit of h?
1
What is the hundreds digit of (357/(-6))/(((-4)/32)/1)?
4
Let l(f) = f + 1. Let x(t) = 4*t + 1. Let i(v) = -4*l(v) - x(v). Let c be i(-3). Suppose 2*u - c = 5*q, -2*q + 5*q = 4*u - 59. What is the units digit of u?
7
Let k(f) = f + 11. Let s be k(-11). Suppose -b = 4*t + 14 - 1, s = -b - 5. What is the units digit of t/10 + 3252/60?
4
Let l = 406 + -21. Suppose 4*o + o - l = 0. What is the tens digit of o?
7
Suppose -3*l + 1281 = -3*a, 4*l + 100*a - 1708 = 105*a. What is the tens digit of l?
2
Suppose 0 = 6*a - 11*a + 25. Let f = 35 - a. What is the units digit of f?
0
Suppose 22*a + 51506 = 35*a. What is the tens digit of a?
6
Suppose -5*l + 104 - 134 = 0. What is the units digit of (l - 63/(-7)) + 54 + 0?
7
Let d = -9 + 17. Suppose 5*y - 12 = d. What is the units digit of y?
4
Let m(g) = 2*g**2 + 39*g - 23. Let s be m(-20). Let l(p) = -7*p**3 - 4*p**2 - 3*p + 6. What is the tens digit of l(s)?
6
Suppose -2*p - 5*h + 6 = 0, -4*p + 8 + 4 = -5*h. Suppose 0 = -p*k - 4*y + 132, 5*y - 11 - 204 = -5*k. What is the units digit of k?
0
Let p be (-2)/(-7) - 2/7. Suppose p = 5*t + 2 - 7, 3*k + 284 = 5*t. What is the tens digit of k/(-4) - 9/(-12)?
2
Suppose 0 = 162*o - 159*o - 39. What is the units digit of o?
3
What is the hundreds digit of (-5)/(60/(-4772)) - 8/12?
3
Suppose o - 6 + 27 = 0. Let i = o + 26. Suppose 0 = -2*f - f - 2*n + 80, i*f + 3*n = 132. What is the tens digit of f?
2
Let f(l) = 5*l**2 - l + 5. What is the units digit of f(-4)?
9
Let g = -613 + 5099. What is the units digit of g?
6
Suppose -2*n - 5*b = -0*n - 1, -2*n - b = -13. What is the units digit of 2/n*2*154?
7
Suppose 0*v + 23 = -v. Let w = 226 + -154. Let l = v + w. What is the tens digit of l?
4
Suppose -h + 21 = 105. Let r = -55 - h. What is the units digit of r?
9
Let c(s) = -s**3 - 9*s**2 - 8*s - 7. What is the tens digit of c(-12)?
2
Let y(j) = 98*j - 271. What is the units digit of y(24)?
1
Let v(x) = -813*x - 2. What is the tens digit of v(-1)?
1
Suppose -63 = 4*g - 75, -3*g - 3059 = -4*z. What is the hundreds digit of z?
7
Let d = -235 + 384. Suppose 5*x - d - 86 = 0. What is the units digit of x?
7
Suppose -5*r + 21 = -64. Let w = -13 + r. Suppose -w*o + 42 = -146. What is the tens digit of o?
4
Let a(t) = t**3 + 10*t**2 - 6*t + 7. Let r be a(-12). Suppose -3*c - 5*k = -86, 3*k = 3*c + k - 58. What is the tens digit of 1126/c + 38/r?
5
Suppose -3 + 1 = -2*b. What is the tens digit of 1/((-160)/161 + b)?
6
Let i(a) = -a**3 + 10*a - 13. Let m be i(6). Let x = 459 + m. What is the units digit of x?
0
Let z be 2/((-4)/10)*-1. Suppose 3*m + 0*t = t + 132, m - z*t = 30. Let j = -28 + m. What is the units digit of j?
7
Let h(p) = -3*p**3 + 3 - p**2 - 1 + p - 3. What is the units digit of h(-3)?
8
Let k = -1336 - -489. What is the units digit of (k/(-28))/((-6)/16)*-3?
2
Suppose 5*z = 2*h + 12549, 3*z - 6923 - 602 = -h. What is the thousands digit of z?
2
Let a(i) = i**3 + 10*i**2 + 2*i - 4. Let f be a(-8). Suppose 5*h = -2*s + f, -h = -6*h - s + 104. What is the units digit of h?
0
Suppose -d + 30 = -27. Suppose -d - 2 = -f. What is the tens digit of f?
5
Suppose -883 = 14*o - 9843. What is the tens digit of o?
4
What is the units digit of ((-26670)/(-12))/7 + (-1)/(-2)?
8
Suppose 2*d - 299 = 45. Let o = 365 - d. Let f = -136 + o. What is the units digit of f?
7
Let k(y) = -19 - 13*y + 6*y - 3*y**2 + 4*y**2. What is the hundreds digit of k(15)?
1
Let y be -5*(-3)/45*3. Let r(g) = 100*g - 2. What is the tens digit of r(y)?
9
Let j(m) = 7*m + 4. Suppose 0 = 3*u + 12, -s - 2*u = 3*s + 28. Let g be j(s). Let t = g - -49. What is the tens digit of t?
1
Suppose -77*l + 214489 = -110682. What is the units digit of l?
3
Let j = 8 - 8. Let y(r) = r + 3 - 6*r + j*r. What is the units digit of y(-4)?
3
Let n(f) = -2*f**3 - 36*f**2 - 14*f + 5. Let g be n(-18). Let l = 500 - g. What is the hundreds digit of l?
2
Let h = 20 + 14. Suppose 35*n = h*n + 25. What is the tens digit of n?
2
Suppose -3*o = f + o - 59, o = f - 44. Suppose 3*b + f = 185. What is the units digit of b/8 + 1/4?
6
Suppose -3*x + 1107 = -453. What is the units digit of x?
0
Let h be ((-280)/(-21))/(4/18). Suppose h = -8*a + 12*a. What is the tens digit of a?
1
Let n(d) = 9 + 7 - d - 17. Let h be n(-4). Suppose h*x + 31 = 103. What is the units digit of x?
4
Suppose -2*y + 5*i = -325, y - 147 - 38 = -2*i. What is the tens digit of y?
7
Let w = 2268 - -2304. What is the hundreds digit of w?
5
Suppose -6*m + 739 = -4*m - 3*h, -4*m + 1438 = 2*h. What is the units digit of m?
2
Suppose -5*i + 1127 = -363. Suppose -2*b - 2*k = 112, -4*b + 5*k - i = -29. Let u = b + 109. What is the tens digit of u?
4
Suppose -3*n = -c + 400 - 1846, 0 = -n + 5*c + 468. What is the units digit of n?
3
Let u(z) = z + 4. Let y be u(-4). Suppose y = v - 48. What is the units digit of v?
8
Let i = -4734 - -8874. What is the tens digit of i?
4
Let d(a) = -a**2 - 12*a - 10. Let g be d(-11). Let o = 21 + g. Suppose 85 - 21 = 4*z - 2*p, 0 = -3*z - 5*p + o. What is the units digit of z?
4
Suppose 10*l - 6*l - 68 = 0. Let g = 6 + l. What is the units digit of g?
3
Let c(b) = 4*b**2 + 0 + 3*b**2 - 3*b**2 - 2 - b. Let z be c(-2). Suppose 2*m = -2*q + z, q = -5*m - 9 + 1. What is the units digit of q?
2
Let h(q) = q**3 + 4*q**2 - q - 3. Suppose -3*b + 0 = 12. What is the units digit of h(b)?
1
Suppose -2 = v + 1. Let c = -2 - v. Let b(l) = 41*l**2 + l - 1. What is the tens digit of b(c)?
4
Let g(p) = -27*p + 35. Let v be g(-12). Let w = -236 + v. What is the units digit of w?
3
What is the units digit of 509 + 0 + (-6 - 2)?
1
Let y be 780/(-18)*4*-3. Suppose 4*i - y = -0*i. What is the tens digit of i?
3
What is the units digit of (101/4)/(32/1408)?
1
Let o(r) = 256*r - 23. What is the units digit of o(1)?
3
Let x(u) = -u**3 + 3*u**2 + 2. Let p be (-3)/(-5) + (-24)/(-10). Let y be x(p). Suppose -3*s = -y - 1. What is the units digit of s?
1
Suppose -2 = -4*j - 6. What is the tens digit of (j + (4 - 2))/((-9)/(-846))?
9
Let l = 875 + -507. What is the tens digit of l?
6
Let l(w) = -11 - w**3 + 31 - 17 - 8*w + 8*w**2. Let z be l(7). Let i = z - -52. What is the units digit of i?
8
Suppose 0 = 3*g + 2*w + 245, g - 5*w + 56 = -3. Let z = 194 + g. What is the tens digit of z?
1
Suppose 0 = -t - t + 24. Let o(g) = -g**2 + 16*g + 5. What is the tens digit of o(t)?
5
Let n be 1/(-4) + 9/(-12). Let k be n*(3 + 2 - 2). What is the units digit of (4/k)/(2/(-57))?
8
Let k(x) = -x**3 + 8*x**2 + 2*x + 1. Let n be (-2)/(16/6)*-8. What is the units digit of k(n)?
5
Suppose -5 + 30 = 5*s. Suppose 0 = -3*n - 3, 3*o + s*n + 4 = 4*n. What is the tens digit of -6*o/2 + 12?
1
Let y = -1886 - -2765. What is the tens digit of y?
7
What is the units digit of (-8)/(-28) - (-7)/(245/32470)?
8
Let j = 84 - 73. Suppose 0 = -13*p + j*p + 16. What is the units digit of p?
8
Suppose 0 = -9*i - 1598 + 12236. What is the units digit of i?
2
Let p(k) = k**3 + 5*k**2 + 6*k + 8. Let o be p(-4). What is the units digit of (-3 + 1 - -140) + o?
8
Let t(p) = -p**3 - p**2 - p + 4. Let f be t(-4). Let u = -27 + f. Suppose -97 = -4*n - u. What is the tens digit of n?
1
Let g be (1 - 1)*(-16 - -17). Le